{"id":2988,"date":"2015-02-03T13:36:24","date_gmt":"2015-02-03T13:36:24","guid":{"rendered":"http:\/\/smorel-photo.com\/blog\/caligo-memnon-copy\/"},"modified":"2019-11-19T14:03:17","modified_gmt":"2019-11-19T14:03:17","slug":"phoebis-philea","status":"publish","type":"page","link":"http:\/\/smorel-photo.com\/blog\/phoebis-philea\/","title":{"rendered":"Phoebis philea"},"content":{"rendered":"<p><script>\n  (function(i,s,o,g,r,a,m){i['GoogleAnalyticsObject']=r;i[r]=i[r]||function(){\n  (i[r].q=i[r].q||[]).push(arguments)},i[r].l=1*new Date();a=s.createElement(o),\n  m=s.getElementsByTagName(o)[0];a.async=1;a.src=g;m.parentNode.insertBefore(a,m)\n  })(window,document,'script','\/\/www.google-analytics.com\/analytics.js','ga');<\/p>\n<p>  ga('create', 'UA-59664093-1', 'auto');\n  ga('send', 'pageview');<\/p>\n<p><\/script><!--themify_builder_content-->\n<div id=\"themify_builder_content-2988\" data-postid=\"2988\" class=\"themify_builder_content themify_builder_content-2988 themify_builder tf_clear\">\n                    <div  data-lazy=\"1\" class=\"module_row themify_builder_row tb_nn4v008 tb_first tf_w\">\n                        <div class=\"row_inner col_align_top tb_col_count_1 tf_box tf_rel\">\n                        <div  data-lazy=\"1\" class=\"module_column tb-column col-full  tb_ruvb185 first\">\n                            <div  data-lazy=\"1\" class=\"module_subrow themify_builder_sub_row tf_w col_align_top tb_col_count_2 tb_uz6g019\">\n                <div  data-lazy=\"1\" class=\"module_column sub_column col4-2  tb_vo79009 first\">\n                    <!-- module text -->\n<div  class=\"module module-text tb_uu5b291   \" data-lazy=\"1\">\n        <div  class=\"tb_text_wrap\">\n        <p style=\"text-align: justify;\">\u00a0<\/p><p style=\"text-align: justify;\">Phoebis philea est un insecte l\u00e9pidopt\u00e8re de la famille des Pieridae de la sous-famille des Coliadinae et du genre Phoebis.<\/p><p style=\"text-align: justify;\">Phoebis philae est un grand papillon (son envergure varie de 68 \u00e0 <span class=\"nowrap\">102\u00a0mm<\/span>).<\/p>    <\/div>\n<\/div>\n<!-- \/module text -->        <\/div>\n                    <div  data-lazy=\"1\" class=\"module_column sub_column col4-2  tb_h14l299 last\">\n                    <!-- module image -->\n<div  class=\"module module-image tb_z0rj999 image-top rounded  tf_mw\" data-lazy=\"1\">\n        <div class=\"image-wrap tf_rel tf_mw\">\n                \n        <\/div>\n    <!-- \/image-wrap -->\n    \n        <\/div>\n<!-- \/module image --><!-- module image -->\n<div  class=\"module module-image tb_po8b001 image-right rounded  tf_mw\" data-lazy=\"1\">\n        <div class=\"image-wrap tf_rel tf_mw\">\n            <img loading=\"lazy\" decoding=\"async\" src=\"http:\/\/smorel-photo.com\/blog\/wp-content\/uploads\/2015\/01\/IMG_8194-300x200.jpg\" width=\"300\" height=\"200\" class=\"wp-post-image wp-image-2714\" title=\"Phoebis philea\" alt=\"Phoebis philea\">    \n        <\/div>\n    <!-- \/image-wrap -->\n    \n        <\/div>\n<!-- \/module image -->        <\/div>\n                    <\/div>\n                <\/div>\n                        <\/div>\n        <\/div>\n                        <div  data-lazy=\"1\" class=\"module_row themify_builder_row tb_uxve292 tf_w\">\n                        <div class=\"row_inner col_align_top tb_col_count_2 tf_box tf_rel\">\n                        <div  data-lazy=\"1\" class=\"module_column tb-column col4-2  tb_m7ku810 first\">\n                    <!-- module image -->\n<div  class=\"module module-image tb_1f4h508 image-left rounded  tf_mw\" data-lazy=\"1\">\n        <div class=\"image-wrap tf_rel tf_mw\">\n            <img loading=\"lazy\" decoding=\"async\" src=\"http:\/\/smorel-photo.com\/blog\/wp-content\/uploads\/2015\/01\/IMG_8131_DxO-683x1024-200x300.jpg\" width=\"200\" height=\"300\" class=\"wp-post-image wp-image-2707\" title=\"Phoebis philea\" alt=\"Phoebis philea\" srcset=\"http:\/\/smorel-photo.com\/blog\/wp-content\/uploads\/2015\/01\/IMG_8131_DxO-683x1024-200x300.jpg 200w, http:\/\/smorel-photo.com\/blog\/wp-content\/uploads\/2015\/01\/IMG_8131_DxO-683x1024.jpg 683w\" sizes=\"auto, (max-width: 200px) 100vw, 200px\" \/>    \n        <\/div>\n    <!-- \/image-wrap -->\n    \n        <\/div>\n<!-- \/module image -->        <\/div>\n                    <div  data-lazy=\"1\" class=\"module_column tb-column col4-2  tb_myk7801 last\">\n                    <!-- module text -->\n<div  class=\"module module-text tb_8wkn266   \" data-lazy=\"1\">\n        <div  class=\"tb_text_wrap\">\n        <p>Il vole toute l&rsquo;ann\u00e9e en Floride. C&rsquo;est un migrateur depuis le sud de l&rsquo;Am\u00e9rique du Nord vers le nord et qui atteint exceptionnellement le Canada.<\/p><p style=\"text-align: justify;\">Les plantes h\u00f4tes de la chenille de sont des Cassia, Cassia alata, Cassia fruticosa, Cassia grandis, Cassia leptocarpaa et Cassia hayesiana<sup id=\"cite_ref-funet_2-0\" class=\"reference\"><\/sup>.<\/p>    <\/div>\n<\/div>\n<!-- \/module text -->        <\/div>\n                        <\/div>\n        <\/div>\n                        <div  data-lazy=\"1\" class=\"module_row themify_builder_row tb_tl6l967 tf_w\">\n                        <div class=\"row_inner col_align_top tb_col_count_1 tf_box tf_rel\">\n                        <div  data-lazy=\"1\" class=\"module_column tb-column col-full  tb_bt2o218 first\">\n                    <!-- module text -->\n<div  class=\"module module-text tb_tels590   \" data-lazy=\"1\">\n        <div  class=\"tb_text_wrap\">\n        <p>Il affectionne les parcs, les jardins, les bords de routes.<\/p><p style=\"text-align: justify;\">Ce papillon est r\u00e9sident au Br\u00e9sil, en Am\u00e9rique du Sud, en Am\u00e9rique centrale, au Mexique, dans le sud des \u00c9tats-Unis dans le sud du Texas et en Floride, \u00e0 Cuba et \u00e0 Saint-Domingue (Ha\u00efti et R\u00e9publique dominicaine). Il est migrateur dans l&rsquo;ensemble des \u00c9tats-Unis mais tr\u00e8s rarement dans les \u00e9tats du nord-ouest proches du Canada, alors qu&rsquo;au nord-est il lui arrive de migrer jusques dans l&rsquo;Ontario au Canada.<\/p>    <\/div>\n<\/div>\n<!-- \/module text -->        <\/div>\n                        <\/div>\n        <\/div>\n                        <div  data-lazy=\"1\" class=\"module_row themify_builder_row tb_8fns090 tf_w\">\n                        <div class=\"row_inner col_align_top tb_col_count_1 tf_box tf_rel\">\n                        <div  data-lazy=\"1\" class=\"module_column tb-column col-full   tb_9bma020 first\">\n                    <!-- module text -->\n<div  class=\"module module-text tb_ozk8010   \" data-lazy=\"1\">\n        <div  class=\"tb_text_wrap\">\n        <p>\u00a0<\/p><p><a href=\"http:\/\/smorel-photo.com\/blog\/blog\/\">Retour vers la page de pr\u00e9sentation des papillons \u21b5<\/a><\/p>    <\/div>\n<\/div>\n<!-- \/module text -->        <\/div>\n                        <\/div>\n        <\/div>\n        <\/div>\n<!--\/themify_builder_content-->","protected":false},"excerpt":{"rendered":"<p>\u00a0 Phoebis philea est un insecte l\u00e9pidopt\u00e8re de la famille des Pieridae de la sous-famille des Coliadinae et du genre Phoebis. Phoebis philae est un grand papillon (son envergure varie de 68 \u00e0 102\u00a0mm). Il vole toute l&rsquo;ann\u00e9e en Floride. C&rsquo;est un migrateur depuis le sud de l&rsquo;Am\u00e9rique du Nord vers le nord et qui [&hellip;]<\/p>\n","protected":false},"author":1,"featured_media":0,"parent":0,"menu_order":0,"comment_status":"open","ping_status":"open","template":"","meta":{"footnotes":""},"class_list":["post-2988","page","type-page","status-publish","hentry","has-post-title","has-post-date","has-post-category","has-post-tag","has-post-comment","has-post-author",""],"aioseo_notices":[],"builder_content":"<p style=\"text-align: justify;\">\u00a0<\/p><p style=\"text-align: justify;\">Phoebis philea est un insecte l\u00e9pidopt\u00e8re de la famille des Pieridae de la sous-famille des Coliadinae et du genre Phoebis.<\/p><p style=\"text-align: justify;\">Phoebis philae est un grand papillon (son envergure varie de 68 \u00e0 102\u00a0mm).<\/p>\n\n<img src=\"http:\/\/smorel-photo.com\/blog\/wp-content\/uploads\/2015\/01\/IMG_8194-300x200.jpg\" width=\"300\" height=\"200\" title=\"Phoebis philea\" alt=\"Phoebis philea\">\n<img src=\"http:\/\/smorel-photo.com\/blog\/wp-content\/uploads\/2015\/01\/IMG_8131_DxO-683x1024-200x300.jpg\" width=\"200\" height=\"300\" title=\"Phoebis philea\" alt=\"Phoebis philea\" srcset=\"http:\/\/smorel-photo.com\/blog\/wp-content\/uploads\/2015\/01\/IMG_8131_DxO-683x1024-200x300.jpg 200w, http:\/\/smorel-photo.com\/blog\/wp-content\/uploads\/2015\/01\/IMG_8131_DxO-683x1024.jpg 683w\" sizes=\"(max-width: 200px) 100vw, 200px\" \/>\n<p>Il vole toute l'ann\u00e9e en Floride. C'est un migrateur depuis le sud de l'Am\u00e9rique du Nord vers le nord et qui atteint exceptionnellement le Canada.<\/p><p style=\"text-align: justify;\">Les plantes h\u00f4tes de la chenille de sont des Cassia, Cassia alata, Cassia fruticosa, Cassia grandis, Cassia leptocarpaa et Cassia hayesiana<sup id=\"cite_ref-funet_2-0\"><\/sup>.<\/p>\n<p>Il affectionne les parcs, les jardins, les bords de routes.<\/p><p style=\"text-align: justify;\">Ce papillon est r\u00e9sident au Br\u00e9sil, en Am\u00e9rique du Sud, en Am\u00e9rique centrale, au Mexique, dans le sud des \u00c9tats-Unis dans le sud du Texas et en Floride, \u00e0 Cuba et \u00e0 Saint-Domingue (Ha\u00efti et R\u00e9publique dominicaine). Il est migrateur dans l'ensemble des \u00c9tats-Unis mais tr\u00e8s rarement dans les \u00e9tats du nord-ouest proches du Canada, alors qu'au nord-est il lui arrive de migrer jusques dans l'Ontario au Canada.<\/p>\n<p>\u00a0<\/p><p><a href=\"http:\/\/smorel-photo.com\/blog\/blog\/\">Retour vers la page de pr\u00e9sentation des papillons \u21b5<\/a><\/p>","_links":{"self":[{"href":"http:\/\/smorel-photo.com\/blog\/wp-json\/wp\/v2\/pages\/2988","targetHints":{"allow":["GET"]}}],"collection":[{"href":"http:\/\/smorel-photo.com\/blog\/wp-json\/wp\/v2\/pages"}],"about":[{"href":"http:\/\/smorel-photo.com\/blog\/wp-json\/wp\/v2\/types\/page"}],"author":[{"embeddable":true,"href":"http:\/\/smorel-photo.com\/blog\/wp-json\/wp\/v2\/users\/1"}],"replies":[{"embeddable":true,"href":"http:\/\/smorel-photo.com\/blog\/wp-json\/wp\/v2\/comments?post=2988"}],"version-history":[{"count":4,"href":"http:\/\/smorel-photo.com\/blog\/wp-json\/wp\/v2\/pages\/2988\/revisions"}],"predecessor-version":[{"id":3176,"href":"http:\/\/smorel-photo.com\/blog\/wp-json\/wp\/v2\/pages\/2988\/revisions\/3176"}],"wp:attachment":[{"href":"http:\/\/smorel-photo.com\/blog\/wp-json\/wp\/v2\/media?parent=2988"}],"curies":[{"name":"wp","href":"https:\/\/api.w.org\/{rel}","templated":true}]}}