{"id":3004,"date":"2015-02-05T11:48:04","date_gmt":"2015-02-05T11:48:04","guid":{"rendered":"http:\/\/smorel-photo.com\/blog\/dryas-iulia-copy\/"},"modified":"2020-06-04T07:24:34","modified_gmt":"2020-06-04T07:24:34","slug":"heliconius-hecale","status":"publish","type":"page","link":"http:\/\/smorel-photo.com\/blog\/heliconius-hecale\/","title":{"rendered":"Heliconius hecale"},"content":{"rendered":"<p><script>\n  (function(i,s,o,g,r,a,m){i['GoogleAnalyticsObject']=r;i[r]=i[r]||function(){\n  (i[r].q=i[r].q||[]).push(arguments)},i[r].l=1*new Date();a=s.createElement(o),\n  m=s.getElementsByTagName(o)[0];a.async=1;a.src=g;m.parentNode.insertBefore(a,m)\n  })(window,document,'script','\/\/www.google-analytics.com\/analytics.js','ga');<\/p>\n<p>  ga('create', 'UA-59664093-1', 'auto');\n  ga('send', 'pageview');<\/p>\n<p><\/script><!--themify_builder_content-->\n<div id=\"themify_builder_content-3004\" data-postid=\"3004\" class=\"themify_builder_content themify_builder_content-3004 themify_builder tf_clear\">\n                    <div  data-lazy=\"1\" class=\"module_row themify_builder_row tb_bjbd272 tb_first tf_w\">\n                        <div class=\"row_inner col_align_top tb_col_count_1 tf_box tf_rel\">\n                        <div  data-lazy=\"1\" class=\"module_column tb-column col-full tb_evdp177 first\">\n                            <div  data-lazy=\"1\" class=\"module_subrow themify_builder_sub_row tf_w col_align_top tb_col_count_2 tb_qhnt021\">\n                <div  data-lazy=\"1\" class=\"module_column sub_column col4-2 tb_r9pt228 first\">\n                    <!-- module text -->\n<div  class=\"module module-text tb_qvcu227   \" data-lazy=\"1\">\n        <div  class=\"tb_text_wrap\">\n        <p>Heliconius hecale ou Tiger Longwing est un insecte l\u00e9pidopt\u00e8re appartenant \u00e0 la famille des Nymphalidae, \u00e0 la sous-famille des Heliconiinae et au genre Heliconius.<\/p><p>\u00a0<\/p><p>\u00a0<\/p><p>\u00a0<\/p>    <\/div>\n<\/div>\n<!-- \/module text -->        <\/div>\n                    <div  data-lazy=\"1\" class=\"module_column sub_column col4-2 tb_s3wp273 last\">\n                    <!-- module image -->\n<div  class=\"module module-image tb_cfxt177 image-right rounded  tf_mw\" data-lazy=\"1\">\n        <div class=\"image-wrap tf_rel tf_mw\">\n            <img loading=\"lazy\" decoding=\"async\" src=\"http:\/\/smorel-photo.com\/blog\/wp-content\/uploads\/2015\/01\/IMG_0889-1024x683-300x200.jpg\" width=\"300\" height=\"200\" class=\"wp-post-image wp-image-2722\" title=\"Heliconius hecale\" alt=\"Heliconius hecale\" srcset=\"http:\/\/smorel-photo.com\/blog\/wp-content\/uploads\/2015\/01\/IMG_0889-1024x683-300x200.jpg 300w, http:\/\/smorel-photo.com\/blog\/wp-content\/uploads\/2015\/01\/IMG_0889-1024x683.jpg 1024w\" sizes=\"auto, (max-width: 300px) 100vw, 300px\" \/>    \n        <\/div>\n    <!-- \/image-wrap -->\n    \n        <\/div>\n<!-- \/module image -->        <\/div>\n                    <\/div>\n                <\/div>\n                        <\/div>\n        <\/div>\n                        <div  data-lazy=\"1\" class=\"module_row themify_builder_row tb_ir00321 tf_w\">\n                        <div class=\"row_inner col_align_top tb_col_count_2 tf_box tf_rel\">\n                        <div  data-lazy=\"1\" class=\"module_column tb-column col4-2 tb_yx6f109 first\">\n                    <!-- module image -->\n<div  class=\"module module-image tb_dq6g441 image-left rounded  tf_mw\" data-lazy=\"1\">\n        <div class=\"image-wrap tf_rel tf_mw\">\n            <img loading=\"lazy\" decoding=\"async\" src=\"http:\/\/smorel-photo.com\/blog\/wp-content\/uploads\/2015\/01\/IMG_8210-300x200.jpg\" width=\"300\" height=\"200\" class=\"wp-post-image wp-image-2717\" title=\"Heliconius hecale\" alt=\"Heliconius hecale\">    \n        <\/div>\n    <!-- \/image-wrap -->\n    \n        <\/div>\n<!-- \/module image -->        <\/div>\n                    <div  data-lazy=\"1\" class=\"module_column tb-column col4-2 tb_8u3h740 last\">\n                    <!-- module text -->\n<div  class=\"module module-text tb_xcde207   \" data-lazy=\"1\">\n        <div  class=\"tb_text_wrap\">\n        <p style=\"text-align: justify;\">C&rsquo;est un grand papillon aux ailes allong\u00e9es et arrondies de couleur orange orn\u00e9 de marron.<\/p><p>Les plantes h\u00f4tes de sa chenille sont des Granadilla et Distephana (Passifloraceae).<sup id=\"cite_ref-Tree_2-1\" class=\"reference\"><\/sup><\/p><p style=\"text-align: justify;\">\u00a0<\/p><p style=\"text-align: justify;\">\u00a0<\/p><p style=\"text-align: justify;\">\u00a0<\/p>    <\/div>\n<\/div>\n<!-- \/module text -->        <\/div>\n                        <\/div>\n        <\/div>\n                        <div  data-lazy=\"1\" class=\"module_row themify_builder_row tb_ehrh433 tf_w\">\n                        <div class=\"row_inner col_align_top tb_col_count_2 tf_box tf_rel\">\n                        <div  data-lazy=\"1\" class=\"module_column tb-column col4-2 tb_j7fi703 first\">\n                    <!-- module text -->\n<div  class=\"module module-text tb_y00m003   \" data-lazy=\"1\">\n        <div  class=\"tb_text_wrap\">\n        <p style=\"text-align: justify;\">\u00a0<\/p><p style=\"text-align: justify;\">Il est pr\u00e9sent dans les for\u00eats, en Guyane, en Guyana, au Surinam, au Nicaragua, au Panama, en \u00c9quateur, au Venezuela, au Guatemala, au Honduras, en Colombie, en Bolivie, au Br\u00e9sil et au P\u00e9rou.<\/p>    <\/div>\n<\/div>\n<!-- \/module text --><!-- module image -->\n<div  class=\"module module-image tb_9ztd071 image-top rounded  tf_mw\" data-lazy=\"1\">\n        <div class=\"image-wrap tf_rel tf_mw\">\n            <img loading=\"lazy\" decoding=\"async\" src=\"http:\/\/smorel-photo.com\/blog\/wp-content\/uploads\/2015\/01\/IMG_0947-1024x683-300x200.jpg\" width=\"300\" height=\"200\" class=\"wp-post-image wp-image-2674\" title=\"Heliconius hecale\" alt=\"Heliconius hecale\" srcset=\"http:\/\/smorel-photo.com\/blog\/wp-content\/uploads\/2015\/01\/IMG_0947-1024x683-300x200.jpg 300w, http:\/\/smorel-photo.com\/blog\/wp-content\/uploads\/2015\/01\/IMG_0947-1024x683.jpg 1024w\" sizes=\"auto, (max-width: 300px) 100vw, 300px\" \/>    \n        <\/div>\n    <!-- \/image-wrap -->\n    \n        <\/div>\n<!-- \/module image -->        <\/div>\n                    <div  data-lazy=\"1\" class=\"module_column tb-column col4-2 tb_up04107 last\">\n                    <!-- module image -->\n<div  class=\"module module-image tb_xv7m166 image-top rounded  tf_mw\" data-lazy=\"1\">\n        <div class=\"image-wrap tf_rel tf_mw\">\n            <img loading=\"lazy\" decoding=\"async\" src=\"http:\/\/smorel-photo.com\/blog\/wp-content\/uploads\/2015\/01\/IMG_8106_DxO-1024x683-300x200.jpg\" width=\"300\" height=\"200\" class=\"wp-post-image wp-image-2705\" title=\"Heliconius hecale\" alt=\"Heliconius hecale\" srcset=\"http:\/\/smorel-photo.com\/blog\/wp-content\/uploads\/2015\/01\/IMG_8106_DxO-1024x683-300x200.jpg 300w, http:\/\/smorel-photo.com\/blog\/wp-content\/uploads\/2015\/01\/IMG_8106_DxO-1024x683.jpg 1024w\" sizes=\"auto, (max-width: 300px) 100vw, 300px\" \/>    \n        <\/div>\n    <!-- \/image-wrap -->\n    \n        <\/div>\n<!-- \/module image -->        <\/div>\n                        <\/div>\n        <\/div>\n                        <div  data-lazy=\"1\" class=\"module_row themify_builder_row tb_etfe222 tf_w\">\n                        <div class=\"row_inner col_align_top tb_col_count_1 tf_box tf_rel\">\n                        <div  data-lazy=\"1\" class=\"module_column tb-column col-full tb_e0tz211 first\">\n                    <!-- module text -->\n<div  class=\"module module-text tb_mhq9041   \" data-lazy=\"1\">\n        <div  class=\"tb_text_wrap\">\n        <p>\u00a0<\/p><p><a href=\"http:\/\/smorel-photo.com\/blog\/blog\/\">Retour vers la page de pr\u00e9sentation des papillons \u21b5<\/a><\/p>    <\/div>\n<\/div>\n<!-- \/module text -->        <\/div>\n                        <\/div>\n        <\/div>\n        <\/div>\n<!--\/themify_builder_content-->","protected":false},"excerpt":{"rendered":"<p>Heliconius hecale ou Tiger Longwing est un insecte l\u00e9pidopt\u00e8re appartenant \u00e0 la famille des Nymphalidae, \u00e0 la sous-famille des Heliconiinae et au genre Heliconius. \u00a0 \u00a0 \u00a0 C&rsquo;est un grand papillon aux ailes allong\u00e9es et arrondies de couleur orange orn\u00e9 de marron. Les plantes h\u00f4tes de sa chenille sont des Granadilla et Distephana (Passifloraceae). \u00a0 [&hellip;]<\/p>\n","protected":false},"author":1,"featured_media":0,"parent":0,"menu_order":0,"comment_status":"open","ping_status":"open","template":"","meta":{"footnotes":""},"class_list":["post-3004","page","type-page","status-publish","hentry","has-post-title","has-post-date","has-post-category","has-post-tag","has-post-comment","has-post-author",""],"aioseo_notices":[],"builder_content":"<p>Heliconius hecale ou Tiger Longwing est un insecte l\u00e9pidopt\u00e8re appartenant \u00e0 la famille des Nymphalidae, \u00e0 la sous-famille des Heliconiinae et au genre Heliconius.<\/p><p>\u00a0<\/p><p>\u00a0<\/p><p>\u00a0<\/p>\n<img src=\"http:\/\/smorel-photo.com\/blog\/wp-content\/uploads\/2015\/01\/IMG_0889-1024x683-300x200.jpg\" width=\"300\" height=\"200\" title=\"Heliconius hecale\" alt=\"Heliconius hecale\" srcset=\"http:\/\/smorel-photo.com\/blog\/wp-content\/uploads\/2015\/01\/IMG_0889-1024x683-300x200.jpg 300w, http:\/\/smorel-photo.com\/blog\/wp-content\/uploads\/2015\/01\/IMG_0889-1024x683.jpg 1024w\" sizes=\"(max-width: 300px) 100vw, 300px\" \/>\n<img src=\"http:\/\/smorel-photo.com\/blog\/wp-content\/uploads\/2015\/01\/IMG_8210-300x200.jpg\" width=\"300\" height=\"200\" title=\"Heliconius hecale\" alt=\"Heliconius hecale\">\n<p style=\"text-align: justify;\">C'est un grand papillon aux ailes allong\u00e9es et arrondies de couleur orange orn\u00e9 de marron.<\/p><p>Les plantes h\u00f4tes de sa chenille sont des Granadilla et Distephana (Passifloraceae).<sup id=\"cite_ref-Tree_2-1\"><\/sup><\/p><p style=\"text-align: justify;\">\u00a0<\/p><p style=\"text-align: justify;\">\u00a0<\/p><p style=\"text-align: justify;\">\u00a0<\/p>\n<p style=\"text-align: justify;\">\u00a0<\/p><p style=\"text-align: justify;\">Il est pr\u00e9sent dans les for\u00eats, en Guyane, en Guyana, au Surinam, au Nicaragua, au Panama, en \u00c9quateur, au Venezuela, au Guatemala, au Honduras, en Colombie, en Bolivie, au Br\u00e9sil et au P\u00e9rou.<\/p>\n<img src=\"http:\/\/smorel-photo.com\/blog\/wp-content\/uploads\/2015\/01\/IMG_0947-1024x683-300x200.jpg\" width=\"300\" height=\"200\" title=\"Heliconius hecale\" alt=\"Heliconius hecale\" srcset=\"http:\/\/smorel-photo.com\/blog\/wp-content\/uploads\/2015\/01\/IMG_0947-1024x683-300x200.jpg 300w, http:\/\/smorel-photo.com\/blog\/wp-content\/uploads\/2015\/01\/IMG_0947-1024x683.jpg 1024w\" sizes=\"(max-width: 300px) 100vw, 300px\" \/>\n<img src=\"http:\/\/smorel-photo.com\/blog\/wp-content\/uploads\/2015\/01\/IMG_8106_DxO-1024x683-300x200.jpg\" width=\"300\" height=\"200\" title=\"Heliconius hecale\" alt=\"Heliconius hecale\" srcset=\"http:\/\/smorel-photo.com\/blog\/wp-content\/uploads\/2015\/01\/IMG_8106_DxO-1024x683-300x200.jpg 300w, http:\/\/smorel-photo.com\/blog\/wp-content\/uploads\/2015\/01\/IMG_8106_DxO-1024x683.jpg 1024w\" sizes=\"(max-width: 300px) 100vw, 300px\" \/>\n<p>\u00a0<\/p><p><a href=\"http:\/\/smorel-photo.com\/blog\/blog\/\">Retour vers la page de pr\u00e9sentation des papillons \u21b5<\/a><\/p>","_links":{"self":[{"href":"http:\/\/smorel-photo.com\/blog\/wp-json\/wp\/v2\/pages\/3004","targetHints":{"allow":["GET"]}}],"collection":[{"href":"http:\/\/smorel-photo.com\/blog\/wp-json\/wp\/v2\/pages"}],"about":[{"href":"http:\/\/smorel-photo.com\/blog\/wp-json\/wp\/v2\/types\/page"}],"author":[{"embeddable":true,"href":"http:\/\/smorel-photo.com\/blog\/wp-json\/wp\/v2\/users\/1"}],"replies":[{"embeddable":true,"href":"http:\/\/smorel-photo.com\/blog\/wp-json\/wp\/v2\/comments?post=3004"}],"version-history":[{"count":4,"href":"http:\/\/smorel-photo.com\/blog\/wp-json\/wp\/v2\/pages\/3004\/revisions"}],"predecessor-version":[{"id":7167,"href":"http:\/\/smorel-photo.com\/blog\/wp-json\/wp\/v2\/pages\/3004\/revisions\/7167"}],"wp:attachment":[{"href":"http:\/\/smorel-photo.com\/blog\/wp-json\/wp\/v2\/media?parent=3004"}],"curies":[{"name":"wp","href":"https:\/\/api.w.org\/{rel}","templated":true}]}}