{"id":3857,"date":"2015-03-19T15:02:28","date_gmt":"2015-03-19T15:02:28","guid":{"rendered":"http:\/\/smorel-photo.com\/blog\/athenes-et-santorin-presentation-copy\/"},"modified":"2021-02-15T13:16:27","modified_gmt":"2021-02-15T13:16:27","slug":"corse-presentation","status":"publish","type":"page","link":"http:\/\/smorel-photo.com\/blog\/corse-presentation\/","title":{"rendered":"La Corse: pr\u00e9sentation"},"content":{"rendered":"<p><a href=\"http:\/\/smorel-photo.com\/blog\/wp-content\/uploads\/2015\/03\/IMG_0458.jpg\"><img loading=\"lazy\" decoding=\"async\" class=\"aligncenter wp-image-3438\" src=\"http:\/\/smorel-photo.com\/blog\/wp-content\/uploads\/2015\/03\/IMG_0458-300x200.jpg\" alt=\"IMG_0458\" width=\"500\" height=\"333\" srcset=\"http:\/\/smorel-photo.com\/blog\/wp-content\/uploads\/2015\/03\/IMG_0458-300x200.jpg 300w, http:\/\/smorel-photo.com\/blog\/wp-content\/uploads\/2015\/03\/IMG_0458-1024x683.jpg 1024w\" sizes=\"auto, (max-width: 500px) 100vw, 500px\" \/><\/a><script>\/\/ <![CDATA[\n(function(i,s,o,g,r,a,m){i['GoogleAnalyticsObject']=r;i[r]=i[r]||function(){\n  (i[r].q=i[r].q||[]).push(arguments)},i[r].l=1*new Date();a=s.createElement(o),\n  m=s.getElementsByTagName(o)[0];a.async=1;a.src=g;m.parentNode.insertBefore(a,m)\n  })(window,document,'script','\/\/www.google-analytics.com\/analytics.js','ga');\n\n  ga('create', 'UA-59664093-1', 'auto');\n  ga('send', 'pageview');\n\n\/\/ ]]><\/script><!--themify_builder_content-->\n<div id=\"themify_builder_content-3857\" data-postid=\"3857\" class=\"themify_builder_content themify_builder_content-3857 themify_builder tf_clear\">\n                    <div  data-lazy=\"1\" class=\"module_row themify_builder_row tb_350f5f0 tb_first tf_w\">\n                        <div class=\"row_inner col_align_top tb_col_count_1 tf_box tf_rel\">\n                        <div  data-lazy=\"1\" class=\"module_column tb-column col-full tb_f45e263 first\">\n                    <!-- module text -->\n<div  class=\"module module-text tb_2fc5c62   \" data-lazy=\"1\">\n        <div  class=\"tb_text_wrap\">\n        <p style=\"text-align: justify;\">C&rsquo;est ici, sur l&rsquo;\u00eele de beaut\u00e9 que j&rsquo;ai demand\u00e9 ma femme en mariage.<\/p>\n<p style=\"text-align: justify;\">C&rsquo;est l\u00e0-bas, que nos bagues de fian\u00e7ailles furent choisies et achet\u00e9es.<\/p>\n<p style=\"text-align: justify;\">Si nous le pouvions, nous irions toutes les ann\u00e9es en Corse.<\/p>\n<p style=\"text-align: justify;\">Des paysages grandioses, d\u00e9paysants, avec cette nature sauvage qui offre des images extraordinaires.<\/p>\n<p style=\"text-align: justify;\">Point de chute : Moriani !<\/p>\n<p style=\"text-align: justify;\">La c\u00f4te Est de la Corse est parfaite pour toute la famille. A Moriani il y a d&rsquo;un c\u00f4t\u00e9 la plage, pour les petites baignades et les balades du soir au bord de l&rsquo;eau. Et de l&rsquo;autre la montagne, et ses nombreux sentiers de marche.<\/p>\n<p style=\"text-align: justify;\">Pour dormir, notre endroit f\u00e9tiche, est l&rsquo;h\u00f4tel Costa Verde. Les propri\u00e9taires sont super gentils, et on y mange tr\u00e8s tr\u00e8s bien.<\/p>\n<p style=\"text-align: justify;\">Nous adorons faire des randonn\u00e9es et ce n&rsquo;est pas ce qui manque sur l&rsquo;\u00eele.<\/p>\n<p style=\"text-align: justify;\">Il y a bien s\u00fbr le fameux GR20, que l&rsquo;on peut pratiquer par \u00e9tapes. Je r\u00eave de pouvoir le faire en entier un jour mais il faut une tr\u00e8s bonne condition physique et un guide (c&rsquo;est mieux).<\/p>\n<p style=\"text-align: justify;\">La randonn\u00e9e vers le <a href=\"http:\/\/smorel-photo.com\/blog\/lac-melo-presentation\/\">lac de Melo<\/a> et <a href=\"http:\/\/smorel-photo.com\/blog\/lac-capitello-presentation\/\">Capitello<\/a>, est g\u00e9niale. Depuis Corte, il faut passer par la vall\u00e9e de la Restonica. La route assez \u00e9troite, est un peu d\u00e9licate en voiture \u00e0 certains endroits avec de nombreux virages.<\/p>\n<p style=\"text-align: justify;\">Arr\u00eat sur le parking de la bergerie de Grotelle et c&rsquo;est parti pour la promenade !<\/p>\n<p style=\"text-align: justify;\">Le <a href=\"http:\/\/smorel-photo.com\/blog\/lac-melo-presentation\/\">lac de melo<\/a> est \u00e0 1711 m d&rsquo;altitude et le <a href=\"http:\/\/smorel-photo.com\/blog\/lac-capitello-presentation\/\">lac de Capitello<\/a> \u00e0 1930 m. Il y a deux sentiers pour y acc\u00e9der, un sportif et un \u00ab\u00a0confortable\u00a0\u00bb. Prendre le sportif pas si fatiguant que cela et de plus beaucoup plus beau.<\/p>\n<p style=\"text-align: justify;\">Ce que nous faisons \u00e0 chaque fois aussi, c&rsquo;est le <a href=\"http:\/\/smorel-photo.com\/blog\/sentier-botanique\/\">sentier botanique de San-Giovanni-Di-Moriani<\/a>. Une marche facile d&rsquo;environ 3h30 aller\/retour. Pr\u00e9f\u00e9rez la p\u00e9riode du printemps ou de l&rsquo;automne correspondant aux floraisons. Une cinquantaine de panneaux explicatifs tout au long du chemin, indiquant l&rsquo;identit\u00e9 des plantes, arbres et arbustes rencontr\u00e9s.<\/p>\n<p style=\"text-align: justify;\">Nous avons aussi nos endroits secrets (criques &#8230;), mais cela, chuuuut ! Je vous laisse les d\u00e9couvrir par vous-m\u00eames.<\/p>\n<p style=\"text-align: justify;\"><span style=\"text-decoration: underline;\">Pour d\u00e9couvrir l&rsquo;adresse de notre h\u00f4tel f\u00e9tiche, rendez-vous sur<\/span> : <a href=\"http:\/\/www.hotel-costaverde.fr\/\" target=\"_blank\" rel=\"noopener\">http:\/\/www.hotel-costaverde.fr\/<\/a><\/p>\n<p><span style=\"text-decoration: underline;\">En savoir plus sur le lac de Melo<\/span> : <a href=\"http:\/\/smorel-photo.com\/blog\/lac-melo-presentation\/\">http:\/\/smorel-photo.com\/blog\/lac-melo-presentation\/<\/a><\/p>\n<p><span style=\"text-decoration: underline;\">En savoir plus sur le lac de Capitello<\/span> : <a href=\"http:\/\/smorel-photo.com\/blog\/lac-capitello-presentation\/\">http:\/\/smorel-photo.com\/blog\/lac-capitello-presentation\/<\/a><\/p>\n<p><span style=\"text-decoration: underline;\">En savoir plus sur le sentier botanique de San-Giovanni-Di-Moriani<\/span> : <a href=\"http:\/\/smorel-photo.com\/blog\/sentier-botanique\/\">http:\/\/smorel-photo.com\/blog\/sentier-botanique\/<\/a><\/p>\n<hr>    <\/div>\n<\/div>\n<!-- \/module text -->        <\/div>\n                        <\/div>\n        <\/div>\n                        <div  data-lazy=\"1\" class=\"module_row themify_builder_row tb_d5b77c1 tf_w\">\n                        <div class=\"row_inner col_align_top tb_col_count_1 tf_box tf_rel\">\n                        <div  data-lazy=\"1\" class=\"module_column tb-column col-full tb_3ef2f74 first\">\n                    <!-- module text -->\n<div  class=\"module module-text tb_f911b4f  repeat \" data-lazy=\"1\">\n        <div  class=\"tb_text_wrap\">\n        <h2 style=\"text-align: center;\"><a href=\"http:\/\/smorel-photo.com\/blog\/galeries-photos\/\"><img loading=\"lazy\" decoding=\"async\" class=\"aligncenter size-medium wp-image-7009\" src=\"http:\/\/smorel-photo.com\/blog\/wp-content\/uploads\/2019\/04\/GaleriePhoto-300x187.gif\" alt=\"\" width=\"300\" height=\"187\">Voir la galerie photos de la Corse \u21b5<\/a><\/h2>    <\/div>\n<\/div>\n<!-- \/module text -->        <\/div>\n                        <\/div>\n        <\/div>\n        <\/div>\n<!--\/themify_builder_content-->","protected":false},"excerpt":{"rendered":"<p>C&rsquo;est ici, sur l&rsquo;\u00eele de beaut\u00e9 que j&rsquo;ai demand\u00e9 ma femme en mariage. C&rsquo;est l\u00e0-bas, que nos bagues de fian\u00e7ailles furent choisies et achet\u00e9es. Si nous le pouvions, nous irions toutes les ann\u00e9es en Corse. Des paysages grandioses, d\u00e9paysants, avec cette nature sauvage qui offre des images extraordinaires. Point de chute : Moriani ! La [&hellip;]<\/p>\n","protected":false},"author":1,"featured_media":0,"parent":0,"menu_order":0,"comment_status":"open","ping_status":"open","template":"","meta":{"footnotes":""},"class_list":["post-3857","page","type-page","status-publish","hentry","has-post-title","has-post-date","has-post-category","has-post-tag","has-post-comment","has-post-author",""],"aioseo_notices":[],"builder_content":"<p style=\"text-align: justify;\">C'est ici, sur l'\u00eele de beaut\u00e9 que j'ai demand\u00e9 ma femme en mariage.<\/p> <p style=\"text-align: justify;\">C'est l\u00e0-bas, que nos bagues de fian\u00e7ailles furent choisies et achet\u00e9es.<\/p> <p style=\"text-align: justify;\">Si nous le pouvions, nous irions toutes les ann\u00e9es en Corse.<\/p> <p style=\"text-align: justify;\">Des paysages grandioses, d\u00e9paysants, avec cette nature sauvage qui offre des images extraordinaires.<\/p> <p style=\"text-align: justify;\">Point de chute : Moriani !<\/p> <p style=\"text-align: justify;\">La c\u00f4te Est de la Corse est parfaite pour toute la famille. A Moriani il y a d'un c\u00f4t\u00e9 la plage, pour les petites baignades et les balades du soir au bord de l'eau. Et de l'autre la montagne, et ses nombreux sentiers de marche.<\/p> <p style=\"text-align: justify;\">Pour dormir, notre endroit f\u00e9tiche, est l'h\u00f4tel Costa Verde. Les propri\u00e9taires sont super gentils, et on y mange tr\u00e8s tr\u00e8s bien.<\/p> <p style=\"text-align: justify;\">Nous adorons faire des randonn\u00e9es et ce n'est pas ce qui manque sur l'\u00eele.<\/p> <p style=\"text-align: justify;\">Il y a bien s\u00fbr le fameux GR20, que l'on peut pratiquer par \u00e9tapes. Je r\u00eave de pouvoir le faire en entier un jour mais il faut une tr\u00e8s bonne condition physique et un guide (c'est mieux).<\/p> <p style=\"text-align: justify;\">La randonn\u00e9e vers le <a href=\"http:\/\/smorel-photo.com\/blog\/lac-melo-presentation\/\">lac de Melo<\/a> et <a href=\"http:\/\/smorel-photo.com\/blog\/lac-capitello-presentation\/\">Capitello<\/a>, est g\u00e9niale. Depuis Corte, il faut passer par la vall\u00e9e de la Restonica. La route assez \u00e9troite, est un peu d\u00e9licate en voiture \u00e0 certains endroits avec de nombreux virages.<\/p> <p style=\"text-align: justify;\">Arr\u00eat sur le parking de la bergerie de Grotelle et c'est parti pour la promenade !<\/p> <p style=\"text-align: justify;\">Le <a href=\"http:\/\/smorel-photo.com\/blog\/lac-melo-presentation\/\">lac de melo<\/a> est \u00e0 1711 m d'altitude et le <a href=\"http:\/\/smorel-photo.com\/blog\/lac-capitello-presentation\/\">lac de Capitello<\/a> \u00e0 1930 m. Il y a deux sentiers pour y acc\u00e9der, un sportif et un \"confortable\". Prendre le sportif pas si fatiguant que cela et de plus beaucoup plus beau.<\/p> <p style=\"text-align: justify;\">Ce que nous faisons \u00e0 chaque fois aussi, c'est le <a href=\"http:\/\/smorel-photo.com\/blog\/sentier-botanique\/\">sentier botanique de San-Giovanni-Di-Moriani<\/a>. Une marche facile d'environ 3h30 aller\/retour. Pr\u00e9f\u00e9rez la p\u00e9riode du printemps ou de l'automne correspondant aux floraisons. Une cinquantaine de panneaux explicatifs tout au long du chemin, indiquant l'identit\u00e9 des plantes, arbres et arbustes rencontr\u00e9s.<\/p> <p style=\"text-align: justify;\">Nous avons aussi nos endroits secrets (criques ...), mais cela, chuuuut ! Je vous laisse les d\u00e9couvrir par vous-m\u00eames.<\/p> <p style=\"text-align: justify;\">Pour d\u00e9couvrir l'adresse de notre h\u00f4tel f\u00e9tiche, rendez-vous sur : <a href=\"http:\/\/www.hotel-costaverde.fr\/\" target=\"_blank\" rel=\"noopener\">http:\/\/www.hotel-costaverde.fr\/<\/a><\/p> <p>En savoir plus sur le lac de Melo : <a href=\"http:\/\/smorel-photo.com\/blog\/lac-melo-presentation\/\">http:\/\/smorel-photo.com\/blog\/lac-melo-presentation\/<\/a><\/p> <p>En savoir plus sur le lac de Capitello : <a href=\"http:\/\/smorel-photo.com\/blog\/lac-capitello-presentation\/\">http:\/\/smorel-photo.com\/blog\/lac-capitello-presentation\/<\/a><\/p> <p>En savoir plus sur le sentier botanique de San-Giovanni-Di-Moriani : <a href=\"http:\/\/smorel-photo.com\/blog\/sentier-botanique\/\">http:\/\/smorel-photo.com\/blog\/sentier-botanique\/<\/a><\/p> <hr>\n<h2 style=\"text-align: center;\"><a href=\"http:\/\/smorel-photo.com\/blog\/galeries-photos\/\"><img loading=\"lazy\" decoding=\"async\" src=\"http:\/\/smorel-photo.com\/blog\/wp-content\/uploads\/2019\/04\/GaleriePhoto-300x187.gif\" alt=\"\" width=\"300\" height=\"187\">Voir la galerie photos de la Corse \u21b5<\/a><\/h2>","_links":{"self":[{"href":"http:\/\/smorel-photo.com\/blog\/wp-json\/wp\/v2\/pages\/3857","targetHints":{"allow":["GET"]}}],"collection":[{"href":"http:\/\/smorel-photo.com\/blog\/wp-json\/wp\/v2\/pages"}],"about":[{"href":"http:\/\/smorel-photo.com\/blog\/wp-json\/wp\/v2\/types\/page"}],"author":[{"embeddable":true,"href":"http:\/\/smorel-photo.com\/blog\/wp-json\/wp\/v2\/users\/1"}],"replies":[{"embeddable":true,"href":"http:\/\/smorel-photo.com\/blog\/wp-json\/wp\/v2\/comments?post=3857"}],"version-history":[{"count":10,"href":"http:\/\/smorel-photo.com\/blog\/wp-json\/wp\/v2\/pages\/3857\/revisions"}],"predecessor-version":[{"id":7405,"href":"http:\/\/smorel-photo.com\/blog\/wp-json\/wp\/v2\/pages\/3857\/revisions\/7405"}],"wp:attachment":[{"href":"http:\/\/smorel-photo.com\/blog\/wp-json\/wp\/v2\/media?parent=3857"}],"curies":[{"name":"wp","href":"https:\/\/api.w.org\/{rel}","templated":true}]}}

La Corse: présentation

<p><a href="http://smorel-photo.com/blog/wp-content/uploads/2015/03/IMG_0458.jpg"><img loading="lazy" decoding="async" class="aligncenter wp-image-3438" src="http://smorel-photo.com/blog/wp-content/uploads/2015/03/IMG_0458-300x200.jpg" alt="IMG_0458" width="500" height="333" srcset="http://smorel-photo.com/blog/wp-content/uploads/2015/03/IMG_0458-300x200.jpg 300w, http://smorel-photo.com/blog/wp-content/uploads/2015/03/IMG_0458-1024x683.jpg 1024w" sizes="auto, (max-width: 500px) 100vw, 500px" /></a><script>// <![CDATA[
(function(i,s,o,g,r,a,m){i['GoogleAnalyticsObject']=r;i[r]=i[r]||function(){
  (i[r].q=i[r].q||[]).push(arguments)},i[r].l=1*new Date();a=s.createElement(o),
  m=s.getElementsByTagName(o)[0];a.async=1;a.src=g;m.parentNode.insertBefore(a,m)
  })(window,document,'script','//www.google-analytics.com/analytics.js','ga');

  ga('create', 'UA-59664093-1', 'auto');
  ga('send', 'pageview');

// ]]></script><!--themify_builder_content-->
<div id="themify_builder_content-3857" data-postid="3857" class="themify_builder_content themify_builder_content-3857 themify_builder tf_clear">
                    <div  data-lazy="1" class="module_row themify_builder_row tb_350f5f0 tb_first tf_w">
                        <div class="row_inner col_align_top tb_col_count_1 tf_box tf_rel">
                        <div  data-lazy="1" class="module_column tb-column col-full tb_f45e263 first">
                    <!-- module text -->
<div  class="module module-text tb_2fc5c62   " data-lazy="1">
        <div  class="tb_text_wrap">
        <p style="text-align: justify;">C&rsquo;est ici, sur l&rsquo;île de beauté que j&rsquo;ai demandé ma femme en mariage.</p>
<p style="text-align: justify;">C&rsquo;est là-bas, que nos bagues de fiançailles furent choisies et achetées.</p>
<p style="text-align: justify;">Si nous le pouvions, nous irions toutes les années en Corse.</p>
<p style="text-align: justify;">Des paysages grandioses, dépaysants, avec cette nature sauvage qui offre des images extraordinaires.</p>
<p style="text-align: justify;">Point de chute : Moriani !</p>
<p style="text-align: justify;">La côte Est de la Corse est parfaite pour toute la famille. A Moriani il y a d&rsquo;un côté la plage, pour les petites baignades et les balades du soir au bord de l&rsquo;eau. Et de l&rsquo;autre la montagne, et ses nombreux sentiers de marche.</p>
<p style="text-align: justify;">Pour dormir, notre endroit fétiche, est l&rsquo;hôtel Costa Verde. Les propriétaires sont super gentils, et on y mange très très bien.</p>
<p style="text-align: justify;">Nous adorons faire des randonnées et ce n&rsquo;est pas ce qui manque sur l&rsquo;île.</p>
<p style="text-align: justify;">Il y a bien sûr le fameux GR20, que l&rsquo;on peut pratiquer par étapes. Je rêve de pouvoir le faire en entier un jour mais il faut une très bonne condition physique et un guide (c&rsquo;est mieux).</p>
<p style="text-align: justify;">La randonnée vers le <a href="http://smorel-photo.com/blog/lac-melo-presentation/">lac de Melo</a> et <a href="http://smorel-photo.com/blog/lac-capitello-presentation/">Capitello</a>, est géniale. Depuis Corte, il faut passer par la vallée de la Restonica. La route assez étroite, est un peu délicate en voiture à certains endroits avec de nombreux virages.</p>
<p style="text-align: justify;">Arrêt sur le parking de la bergerie de Grotelle et c&rsquo;est parti pour la promenade !</p>
<p style="text-align: justify;">Le <a href="http://smorel-photo.com/blog/lac-melo-presentation/">lac de melo</a> est à 1711 m d&rsquo;altitude et le <a href="http://smorel-photo.com/blog/lac-capitello-presentation/">lac de Capitello</a> à 1930 m. Il y a deux sentiers pour y accéder, un sportif et un « confortable ». Prendre le sportif pas si fatiguant que cela et de plus beaucoup plus beau.</p>
<p style="text-align: justify;">Ce que nous faisons à chaque fois aussi, c&rsquo;est le <a href="http://smorel-photo.com/blog/sentier-botanique/">sentier botanique de San-Giovanni-Di-Moriani</a>. Une marche facile d&rsquo;environ 3h30 aller/retour. Préférez la période du printemps ou de l&rsquo;automne correspondant aux floraisons. Une cinquantaine de panneaux explicatifs tout au long du chemin, indiquant l&rsquo;identité des plantes, arbres et arbustes rencontrés.</p>
<p style="text-align: justify;">Nous avons aussi nos endroits secrets (criques &#8230;), mais cela, chuuuut ! Je vous laisse les découvrir par vous-mêmes.</p>
<p style="text-align: justify;"><span style="text-decoration: underline;">Pour découvrir l&rsquo;adresse de notre hôtel fétiche, rendez-vous sur</span> : <a href="http://www.hotel-costaverde.fr/" target="_blank" rel="noopener">http://www.hotel-costaverde.fr/</a></p>
<p><span style="text-decoration: underline;">En savoir plus sur le lac de Melo</span> : <a href="http://smorel-photo.com/blog/lac-melo-presentation/">http://smorel-photo.com/blog/lac-melo-presentation/</a></p>
<p><span style="text-decoration: underline;">En savoir plus sur le lac de Capitello</span> : <a href="http://smorel-photo.com/blog/lac-capitello-presentation/">http://smorel-photo.com/blog/lac-capitello-presentation/</a></p>
<p><span style="text-decoration: underline;">En savoir plus sur le sentier botanique de San-Giovanni-Di-Moriani</span> : <a href="http://smorel-photo.com/blog/sentier-botanique/">http://smorel-photo.com/blog/sentier-botanique/</a></p>
<hr>    </div>
</div>
<!-- /module text -->        </div>
                        </div>
        </div>
                        <div  data-lazy="1" class="module_row themify_builder_row tb_d5b77c1 tf_w">
                        <div class="row_inner col_align_top tb_col_count_1 tf_box tf_rel">
                        <div  data-lazy="1" class="module_column tb-column col-full tb_3ef2f74 first">
                    <!-- module text -->
<div  class="module module-text tb_f911b4f  repeat " data-lazy="1">
        <div  class="tb_text_wrap">
        <h2 style="text-align: center;"><a href="http://smorel-photo.com/blog/galeries-photos/"><img loading="lazy" decoding="async" class="aligncenter size-medium wp-image-7009" src="http://smorel-photo.com/blog/wp-content/uploads/2019/04/GaleriePhoto-300x187.gif" alt="" width="300" height="187">Voir la galerie photos de la Corse ↵</a></h2>    </div>
</div>
<!-- /module text -->        </div>
                        </div>
        </div>
        </div>
<!--/themify_builder_content-->

<p>C&rsquo;est ici, sur l&rsquo;île de beauté que j&rsquo;ai demandé ma femme en mariage. C&rsquo;est là-bas, que nos bagues de fiançailles furent choisies et achetées. Si nous le pouvions, nous irions toutes les années en Corse. Des paysages grandioses, dépaysants, avec cette nature sauvage qui offre des images extraordinaires. Point de chute : Moriani ! La [&hellip;]</p>

<p style="text-align: justify;">C'est ici, sur l'île de beauté que j'ai demandé ma femme en mariage.</p> <p style="text-align: justify;">C'est là-bas, que nos bagues de fiançailles furent choisies et achetées.</p> <p style="text-align: justify;">Si nous le pouvions, nous irions toutes les années en Corse.</p> <p style="text-align: justify;">Des paysages grandioses, dépaysants, avec cette nature sauvage qui offre des images extraordinaires.</p> <p style="text-align: justify;">Point de chute : Moriani !</p> <p style="text-align: justify;">La côte Est de la Corse est parfaite pour toute la famille. A Moriani il y a d'un côté la plage, pour les petites baignades et les balades du soir au bord de l'eau. Et de l'autre la montagne, et ses nombreux sentiers de marche.</p> <p style="text-align: justify;">Pour dormir, notre endroit fétiche, est l'hôtel Costa Verde. Les propriétaires sont super gentils, et on y mange très très bien.</p> <p style="text-align: justify;">Nous adorons faire des randonnées et ce n'est pas ce qui manque sur l'île.</p> <p style="text-align: justify;">Il y a bien sûr le fameux GR20, que l'on peut pratiquer par étapes. Je rêve de pouvoir le faire en entier un jour mais il faut une très bonne condition physique et un guide (c'est mieux).</p> <p style="text-align: justify;">La randonnée vers le <a href="http://smorel-photo.com/blog/lac-melo-presentation/">lac de Melo</a> et <a href="http://smorel-photo.com/blog/lac-capitello-presentation/">Capitello</a>, est géniale. Depuis Corte, il faut passer par la vallée de la Restonica. La route assez étroite, est un peu délicate en voiture à certains endroits avec de nombreux virages.</p> <p style="text-align: justify;">Arrêt sur le parking de la bergerie de Grotelle et c'est parti pour la promenade !</p> <p style="text-align: justify;">Le <a href="http://smorel-photo.com/blog/lac-melo-presentation/">lac de melo</a> est à 1711 m d'altitude et le <a href="http://smorel-photo.com/blog/lac-capitello-presentation/">lac de Capitello</a> à 1930 m. Il y a deux sentiers pour y accéder, un sportif et un "confortable". Prendre le sportif pas si fatiguant que cela et de plus beaucoup plus beau.</p> <p style="text-align: justify;">Ce que nous faisons à chaque fois aussi, c'est le <a href="http://smorel-photo.com/blog/sentier-botanique/">sentier botanique de San-Giovanni-Di-Moriani</a>. Une marche facile d'environ 3h30 aller/retour. Préférez la période du printemps ou de l'automne correspondant aux floraisons. Une cinquantaine de panneaux explicatifs tout au long du chemin, indiquant l'identité des plantes, arbres et arbustes rencontrés.</p> <p style="text-align: justify;">Nous avons aussi nos endroits secrets (criques ...), mais cela, chuuuut ! Je vous laisse les découvrir par vous-mêmes.</p> <p style="text-align: justify;">Pour découvrir l'adresse de notre hôtel fétiche, rendez-vous sur : <a href="http://www.hotel-costaverde.fr/" target="_blank" rel="noopener">http://www.hotel-costaverde.fr/</a></p> <p>En savoir plus sur le lac de Melo : <a href="http://smorel-photo.com/blog/lac-melo-presentation/">http://smorel-photo.com/blog/lac-melo-presentation/</a></p> <p>En savoir plus sur le lac de Capitello : <a href="http://smorel-photo.com/blog/lac-capitello-presentation/">http://smorel-photo.com/blog/lac-capitello-presentation/</a></p> <p>En savoir plus sur le sentier botanique de San-Giovanni-Di-Moriani : <a href="http://smorel-photo.com/blog/sentier-botanique/">http://smorel-photo.com/blog/sentier-botanique/</a></p> <hr>
<h2 style="text-align: center;"><a href="http://smorel-photo.com/blog/galeries-photos/"><img loading="lazy" decoding="async" src="http://smorel-photo.com/blog/wp-content/uploads/2019/04/GaleriePhoto-300x187.gif" alt="" width="300" height="187">Voir la galerie photos de la Corse ↵</a></h2>
