{"id":4913,"date":"2016-09-05T12:23:46","date_gmt":"2016-09-05T12:23:46","guid":{"rendered":"http:\/\/smorel-photo.com\/blog\/marches-de-noel-dalsace-et-fondation-blachere-presentation-copy\/"},"modified":"2021-02-15T13:18:21","modified_gmt":"2021-02-15T13:18:21","slug":"gorges-regalon","status":"publish","type":"page","link":"http:\/\/smorel-photo.com\/blog\/gorges-regalon\/","title":{"rendered":"Gorges de Regalon : pr\u00e9sentation"},"content":{"rendered":"<p><img loading=\"lazy\" decoding=\"async\" class=\"aligncenter wp-image-4592 size-full\" src=\"http:\/\/smorel-photo.com\/blog\/wp-content\/uploads\/2016\/09\/Gorges-de-Regalon27.jpg\" width=\"400\" height=\"600\" srcset=\"http:\/\/smorel-photo.com\/blog\/wp-content\/uploads\/2016\/09\/Gorges-de-Regalon27.jpg 400w, http:\/\/smorel-photo.com\/blog\/wp-content\/uploads\/2016\/09\/Gorges-de-Regalon27-200x300.jpg 200w\" sizes=\"auto, (max-width: 400px) 100vw, 400px\" \/><br \/>\n<script>\/\/ <![CDATA[ (function(i,s,o,g,r,a,m){i['GoogleAnalyticsObject']=r;i[r]=i[r]||function(){ (i[r].q=i[r].q||[]).push(arguments)},i[r].l=1*new Date();a=s.createElement(o), m=s.getElementsByTagName(o)[0];a.async=1;a.src=g;m.parentNode.insertBefore(a,m) })(window,document,'script','\/\/www.google-analytics.com\/analytics.js','ga'); ga('create', 'UA-59664093-1', 'auto'); ga('send', 'pageview'); \/\/ ]]><\/script><!--themify_builder_content-->\n<div id=\"themify_builder_content-4913\" data-postid=\"4913\" class=\"themify_builder_content themify_builder_content-4913 themify_builder tf_clear\">\n                    <div  data-lazy=\"1\" class=\"module_row themify_builder_row tb_c0403e3 tb_first tf_w\">\n                        <div class=\"row_inner col_align_top tb_col_count_1 tf_box tf_rel\">\n                        <div  data-lazy=\"1\" class=\"module_column tb-column col-full tb_60a651e first\">\n                    <!-- module text -->\n<div  class=\"module module-text tb_ac5e826  repeat \" data-lazy=\"1\">\n        <div  class=\"tb_text_wrap\">\n        <p>Les gorges de R\u00e9galon, offrent un spectacle magnifique sur une longueur de 2 kilom\u00e8tres au travers d&rsquo;un canyon de 30 m\u00e8tres de haut.<\/p>\n<p>Form\u00e9es il y a plus de 6 millions d&rsquo;ann\u00e9es, lors de la formation des Alpes : le Luberon s&rsquo;est alors sur\u00e9lev\u00e9 tandis que le r\u00e9seau des cours d&rsquo;eau s&rsquo;est enfonc\u00e9 dans le petit Luberon.<\/p>\n<p>La v\u00e9g\u00e9tation est particuli\u00e8re et abondante (lierre, buis, sureau&#8230;) car le sol est tr\u00e8s humide.<\/p>\n<p>Assez sombre et \u00e9troit \u00e0 certains endroits, la progression dans le chemin rocailleux, n\u00e9cessite de bonnes chaussures de marche et de faire un peu d&rsquo;escalade. Les pierres sont glissantes surtout en p\u00e9riode humide donc attention.<\/p>\n<p>Tout commence par un sentier qui passe au travers d&rsquo;une plantation d&rsquo;oliviers, l&rsquo;entr\u00e9e des Gorges est de l&rsquo;autre c\u00f4t\u00e9.<\/p>\n<p>La travers\u00e9e prend environ 1h30 en y allant tranquille. Boucle par la ferme des Mayorques, environ 4h en tout.<\/p>\n<p>Prenez le temps d&rsquo;appr\u00e9cier la fra\u00eecheur et l&rsquo;ambiance qui y r\u00e8gnent, tout en admirant les grottes et autres cavit\u00e9s naturelles.<\/p>\n<p>A la sortie des gorges, prendre le chemin balis\u00e9 rouge et blanc (GR6) sur la gauche. Un petit marquage en pierre au sol avec diff\u00e9rentes directions. Prendre la direction \u00ab\u00a0Les Mayorques\u00a0\u00bb.<\/p>\n<p>Continuer le sentier pour arriver au panneau du Vallon de la Gal\u00e8re 1.7 Km, prendre une fois de plus sur la gauche vers cette direction.<\/p>\n<p>Suivre la direction \u00ab\u00a0R\u00e9galon\u00a0\u00bb\/\u00a0\u00bbLes Mayorques\u00a0\u00bb.<\/p>\n<p>Quitter le GR et suivre le trac\u00e9 jaune, qui vous fera redescendre vers la ferme des Mayorques.<\/p>\n<p>Une tr\u00e8s belle vue sur la vall\u00e9e de la Durance, avant de traverser la Crau des Mayorques, direction le lieu dit Les Bastides.<\/p>\n<p>Apr\u00e8s la piste foresti\u00e8re, passer devant les Bastides et rejoindre le parking de d\u00e9part.<\/p>\n<p>Voici le circuit IGN :<\/p>\n<p><img loading=\"lazy\" decoding=\"async\" class=\"aligncenter wp-image-4918\" src=\"http:\/\/smorel-photo.com\/blog\/wp-content\/uploads\/2016\/09\/carte-ign-rando-gorges-rega-278x300.jpg\" alt=\"carte-ign-rando-gorges-rega\" width=\"500\" height=\"539\" srcset=\"http:\/\/smorel-photo.com\/blog\/wp-content\/uploads\/2016\/09\/carte-ign-rando-gorges-rega-278x300.jpg 278w, http:\/\/smorel-photo.com\/blog\/wp-content\/uploads\/2016\/09\/carte-ign-rando-gorges-rega-768x829.jpg 768w, http:\/\/smorel-photo.com\/blog\/wp-content\/uploads\/2016\/09\/carte-ign-rando-gorges-rega.jpg 900w\" sizes=\"auto, (max-width: 500px) 100vw, 500px\" \/><\/p>\n<p><span style=\"text-decoration: underline;\">Infos pratiques<\/span> :<\/p>\n<p><strong>Bon \u00e0 savoir<\/strong> : Les photos de la galerie des Gorges de R\u00e9galon (en bas de page), sont dans l&rsquo;ordre du circuit. Vous verrez donc les diff\u00e9rents endroits un peu difficiles \u00e0 franchir dans les Gorges.<\/p>\n<p><strong>Saison :<\/strong> Mars \u00e0 Octobre (rocher glissant par temps de pluie)<\/p>\n<p><strong>Co\u00fbt :<\/strong> En p\u00e9riode estivale, parking payant 2 euros la journ\u00e9e<\/p>\n<p style=\"text-align: justify;\"><strong>Distance<\/strong> : 13.3 Km<\/p>\n<p style=\"text-align: justify;\"><strong>D\u00e9nivel\u00e9<\/strong> : 325 m<\/p>\n<p style=\"text-align: justify;\"><strong>Dur\u00e9e<\/strong> : Environ 4h<\/p>\n<p style=\"text-align: justify;\"><span style=\"text-decoration: underline;\">Pour s&rsquo;y rendre<\/span> :<\/p>\n<p>Accessible depuis la D973.<\/p>\n<p>Situ\u00e9 \u00e0 l&rsquo;extr\u00e9mit\u00e9 est de la commune de Cheval-Blanc, en bordure de la commune de M\u00e9rindol dans le Vaucluse, au lieu dit \u00ab\u00a0La Tuilli\u00e8re\u00a0\u00bb.<\/p>\n<p style=\"text-align: justify;\"><span style=\"text-decoration: underline;\">Coordonn\u00e9es GPS<\/span> :<\/p>\n<p style=\"text-align: justify;\">Latitude = 43\u00b0 45&prime; 55\u00a0\u00bb N<br>Longitude = 05\u00b0 09&prime; 26\u00a0\u00bb E<\/p>\n<hr>\n<h2 style=\"text-align: center;\"><img loading=\"lazy\" decoding=\"async\" class=\"aligncenter size-medium wp-image-7009\" src=\"http:\/\/smorel-photo.com\/blog\/wp-content\/uploads\/2019\/04\/GaleriePhoto-300x187.gif\" alt=\"\" width=\"300\" height=\"187\"><a href=\"http:\/\/smorel-photo.com\/blog\/galeries-photos\/\">Voir la galerie photos des Gorges de R\u00e9galon<\/a>\u21b5<\/h2>\n<p style=\"text-align: justify;\">&nbsp;<\/p>    <\/div>\n<\/div>\n<!-- \/module text -->        <\/div>\n                        <\/div>\n        <\/div>\n        <\/div>\n<!--\/themify_builder_content-->","protected":false},"excerpt":{"rendered":"<p>Les gorges de R\u00e9galon, offrent un spectacle magnifique sur une longueur de 2 kilom\u00e8tres au travers d&rsquo;un canyon de 30 m\u00e8tres de haut. Form\u00e9es il y a plus de 6 millions d&rsquo;ann\u00e9es, lors de la formation des Alpes : le Luberon s&rsquo;est alors sur\u00e9lev\u00e9 tandis que le r\u00e9seau des cours d&rsquo;eau s&rsquo;est enfonc\u00e9 dans le [&hellip;]<\/p>\n","protected":false},"author":1,"featured_media":0,"parent":0,"menu_order":0,"comment_status":"open","ping_status":"open","template":"","meta":{"footnotes":""},"class_list":["post-4913","page","type-page","status-publish","hentry","has-post-title","has-post-date","has-post-category","has-post-tag","has-post-comment","has-post-author",""],"aioseo_notices":[],"builder_content":"<p>Les gorges de R\u00e9galon, offrent un spectacle magnifique sur une longueur de 2 kilom\u00e8tres au travers d'un canyon de 30 m\u00e8tres de haut.<\/p> <p>Form\u00e9es il y a plus de 6 millions d'ann\u00e9es, lors de la formation des Alpes : le Luberon s'est alors sur\u00e9lev\u00e9 tandis que le r\u00e9seau des cours d'eau s'est enfonc\u00e9 dans le petit Luberon.<\/p> <p>La v\u00e9g\u00e9tation est particuli\u00e8re et abondante (lierre, buis, sureau...) car le sol est tr\u00e8s humide.<\/p> <p>Assez sombre et \u00e9troit \u00e0 certains endroits, la progression dans le chemin rocailleux, n\u00e9cessite de bonnes chaussures de marche et de faire un peu d'escalade. Les pierres sont glissantes surtout en p\u00e9riode humide donc attention.<\/p> <p>Tout commence par un sentier qui passe au travers d'une plantation d'oliviers, l'entr\u00e9e des Gorges est de l'autre c\u00f4t\u00e9.<\/p> <p>La travers\u00e9e prend environ 1h30 en y allant tranquille. Boucle par la ferme des Mayorques, environ 4h en tout.<\/p> <p>Prenez le temps d'appr\u00e9cier la fra\u00eecheur et l'ambiance qui y r\u00e8gnent, tout en admirant les grottes et autres cavit\u00e9s naturelles.<\/p> <p>A la sortie des gorges, prendre le chemin balis\u00e9 rouge et blanc (GR6) sur la gauche. Un petit marquage en pierre au sol avec diff\u00e9rentes directions. Prendre la direction \"Les Mayorques\".<\/p> <p>Continuer le sentier pour arriver au panneau du Vallon de la Gal\u00e8re 1.7 Km, prendre une fois de plus sur la gauche vers cette direction.<\/p> <p>Suivre la direction \"R\u00e9galon\"\/\"Les Mayorques\".<\/p> <p>Quitter le GR et suivre le trac\u00e9 jaune, qui vous fera redescendre vers la ferme des Mayorques.<\/p> <p>Une tr\u00e8s belle vue sur la vall\u00e9e de la Durance, avant de traverser la Crau des Mayorques, direction le lieu dit Les Bastides.<\/p> <p>Apr\u00e8s la piste foresti\u00e8re, passer devant les Bastides et rejoindre le parking de d\u00e9part.<\/p> <p>Voici le circuit IGN :<\/p> <p><img loading=\"lazy\" decoding=\"async\" src=\"http:\/\/smorel-photo.com\/blog\/wp-content\/uploads\/2016\/09\/carte-ign-rando-gorges-rega-278x300.jpg\" alt=\"carte-ign-rando-gorges-rega\" width=\"500\" height=\"539\" srcset=\"http:\/\/smorel-photo.com\/blog\/wp-content\/uploads\/2016\/09\/carte-ign-rando-gorges-rega-278x300.jpg 278w, http:\/\/smorel-photo.com\/blog\/wp-content\/uploads\/2016\/09\/carte-ign-rando-gorges-rega-768x829.jpg 768w, http:\/\/smorel-photo.com\/blog\/wp-content\/uploads\/2016\/09\/carte-ign-rando-gorges-rega.jpg 900w\" sizes=\"auto, (max-width: 500px) 100vw, 500px\" \/><\/p> <p>Infos pratiques :<\/p> <p><strong>Bon \u00e0 savoir<\/strong> : Les photos de la galerie des Gorges de R\u00e9galon (en bas de page), sont dans l'ordre du circuit. Vous verrez donc les diff\u00e9rents endroits un peu difficiles \u00e0 franchir dans les Gorges.<\/p> <p><strong>Saison :<\/strong> Mars \u00e0 Octobre (rocher glissant par temps de pluie)<\/p> <p><strong>Co\u00fbt :<\/strong> En p\u00e9riode estivale, parking payant 2 euros la journ\u00e9e<\/p> <p style=\"text-align: justify;\"><strong>Distance<\/strong> : 13.3 Km<\/p> <p style=\"text-align: justify;\"><strong>D\u00e9nivel\u00e9<\/strong> : 325 m<\/p> <p style=\"text-align: justify;\"><strong>Dur\u00e9e<\/strong> : Environ 4h<\/p> <p style=\"text-align: justify;\">Pour s'y rendre :<\/p> <p>Accessible depuis la D973.<\/p> <p>Situ\u00e9 \u00e0 l'extr\u00e9mit\u00e9 est de la commune de Cheval-Blanc, en bordure de la commune de M\u00e9rindol dans le Vaucluse, au lieu dit \"La Tuilli\u00e8re\".<\/p> <p style=\"text-align: justify;\">Coordonn\u00e9es GPS :<\/p> <p style=\"text-align: justify;\">Latitude = 43\u00b0 45' 55'' N<br>Longitude = 05\u00b0 09' 26'' E<\/p> <hr> <h2 style=\"text-align: center;\"><img loading=\"lazy\" decoding=\"async\" src=\"http:\/\/smorel-photo.com\/blog\/wp-content\/uploads\/2019\/04\/GaleriePhoto-300x187.gif\" alt=\"\" width=\"300\" height=\"187\"><a href=\"http:\/\/smorel-photo.com\/blog\/galeries-photos\/\">Voir la galerie photos des Gorges de R\u00e9galon<\/a>\u21b5<\/h2> <p style=\"text-align: justify;\">&nbsp;<\/p>","_links":{"self":[{"href":"http:\/\/smorel-photo.com\/blog\/wp-json\/wp\/v2\/pages\/4913","targetHints":{"allow":["GET"]}}],"collection":[{"href":"http:\/\/smorel-photo.com\/blog\/wp-json\/wp\/v2\/pages"}],"about":[{"href":"http:\/\/smorel-photo.com\/blog\/wp-json\/wp\/v2\/types\/page"}],"author":[{"embeddable":true,"href":"http:\/\/smorel-photo.com\/blog\/wp-json\/wp\/v2\/users\/1"}],"replies":[{"embeddable":true,"href":"http:\/\/smorel-photo.com\/blog\/wp-json\/wp\/v2\/comments?post=4913"}],"version-history":[{"count":10,"href":"http:\/\/smorel-photo.com\/blog\/wp-json\/wp\/v2\/pages\/4913\/revisions"}],"predecessor-version":[{"id":7409,"href":"http:\/\/smorel-photo.com\/blog\/wp-json\/wp\/v2\/pages\/4913\/revisions\/7409"}],"wp:attachment":[{"href":"http:\/\/smorel-photo.com\/blog\/wp-json\/wp\/v2\/media?parent=4913"}],"curies":[{"name":"wp","href":"https:\/\/api.w.org\/{rel}","templated":true}]}}