{"id":7140,"date":"2019-11-26T08:19:48","date_gmt":"2019-11-26T08:19:48","guid":{"rendered":"http:\/\/smorel-photo.com\/blog\/vautours-dans-le-verdon-presentation-copy\/"},"modified":"2021-02-15T13:20:10","modified_gmt":"2021-02-15T13:20:10","slug":"chevechette-presentation","status":"publish","type":"page","link":"http:\/\/smorel-photo.com\/blog\/chevechette-presentation\/","title":{"rendered":"La chev\u00eachette d&rsquo;Europe"},"content":{"rendered":"<p><img loading=\"lazy\" decoding=\"async\" class=\"aligncenter wp-image-7094 size-medium\" src=\"http:\/\/smorel-photo.com\/blog\/wp-content\/uploads\/2019\/11\/IMG_8628-200x300.jpg\" alt=\"\" width=\"200\" height=\"300\" srcset=\"http:\/\/smorel-photo.com\/blog\/wp-content\/uploads\/2019\/11\/IMG_8628-200x300.jpg 200w, http:\/\/smorel-photo.com\/blog\/wp-content\/uploads\/2019\/11\/IMG_8628-683x1024.jpg 683w, http:\/\/smorel-photo.com\/blog\/wp-content\/uploads\/2019\/11\/IMG_8628-768x1152.jpg 768w, http:\/\/smorel-photo.com\/blog\/wp-content\/uploads\/2019\/11\/IMG_8628-1024x1536.jpg 1024w, http:\/\/smorel-photo.com\/blog\/wp-content\/uploads\/2019\/11\/IMG_8628-1365x2048.jpg 1365w, http:\/\/smorel-photo.com\/blog\/wp-content\/uploads\/2019\/11\/IMG_8628-scaled.jpg 1707w\" sizes=\"auto, (max-width: 200px) 100vw, 200px\" \/><script>\/\/ <![CDATA[ (function(i,s,o,g,r,a,m){i['GoogleAnalyticsObject']=r;i[r]=i[r]||function(){ (i[r].q=i[r].q||[]).push(arguments)},i[r].l=1*new Date();a=s.createElement(o), m=s.getElementsByTagName(o)[0];a.async=1;a.src=g;m.parentNode.insertBefore(a,m) })(window,document,'script','\/\/www.google-analytics.com\/analytics.js','ga'); ga('create', 'UA-59664093-1', 'auto'); ga('send', 'pageview'); \/\/ ]]><\/script><\/p>\n\n<!--themify_builder_content-->\n<div id=\"themify_builder_content-7140\" data-postid=\"7140\" class=\"themify_builder_content themify_builder_content-7140 themify_builder tf_clear\">\n                    <div  data-lazy=\"1\" class=\"module_row themify_builder_row tb_a0x1899 tb_first tf_w\">\n                        <div class=\"row_inner col_align_top tb_col_count_1 tf_box tf_rel\">\n                        <div  data-lazy=\"1\" class=\"module_column tb-column col-full tb_l01q995 first\">\n                    <!-- module text -->\n<div  class=\"module module-text tb_wajm982  repeat \" data-lazy=\"1\">\n        <div  class=\"tb_text_wrap\">\n        <p>Nous partons cette fois dans les Hautes-Alpes en r\u00e9gion Provence-Alpes-C\u00f4te d&rsquo;Azur \u00e0 30 Km de Gap \u00e0 Chabottes.<\/p>\n<p>Un stage de 2 jours en montagne \u00e0 la recherche de la magnifique chev\u00eachette d&rsquo;Europe.<\/p>\n<p>C&rsquo;est la plus petite des chouettes pour une taille d&rsquo;environ 16 Cm.<\/p>\n<p>Gr\u00e2ce \u00e0 l&rsquo;exp\u00e9rience d&rsquo;un garde forestier et de David et St\u00e9phanie Allemand, nous avons pu la d\u00e9couvrir, la voir, l&rsquo;approcher et ainsi la photographier au plus pr\u00eat.<\/p>\n<p>Moment inoubliable encore une fois, magique, dans ce d\u00e9cor d&rsquo;automne sur fond de neige en cette p\u00e9riode de d\u00e9but Novembre.<\/p>\n<p>Vous pouvez d\u00e9couvrir leur travail sur leur site web :<\/p>\n<p><a href=\"http:\/\/david-allemand.com\" target=\"_blank\" rel=\"noopener\">http:\/\/david-allemand.com<\/a><\/p>\n<p style=\"text-align: justify;\"><span style=\"text-decoration: underline;\">Pour s&rsquo;y rendre<\/span> :<\/p>\n<p>Eglise de la Basse-Plaine \u00e0 Chabottes<\/p>\n<p style=\"text-align: justify;\"><span style=\"text-decoration: underline;\">Coordonn\u00e9es GPS<\/span> :<\/p>\n<p style=\"text-align: justify;\">Latitude = 44\u00b038&rsquo;30.64&Prime;N<br>Longitude = 6\u00b09&rsquo;37.40&Prime;E<\/p>\n<hr>\n<h2 style=\"text-align: center;\"><img loading=\"lazy\" decoding=\"async\" class=\"aligncenter size-medium wp-image-7009\" src=\"http:\/\/smorel-photo.com\/blog\/wp-content\/uploads\/2019\/04\/GaleriePhoto-300x187.gif\" alt=\"\" width=\"300\" height=\"187\"><a href=\"http:\/\/smorel-photo.com\/blog\/galeries-photos\/\">Voir la galerie photos de la chev\u00eachette<\/a>\u21b5<\/h2>\n<p style=\"text-align: justify;\">&nbsp;<\/p>    <\/div>\n<\/div>\n<!-- \/module text -->        <\/div>\n                        <\/div>\n        <\/div>\n        <\/div>\n<!--\/themify_builder_content-->","protected":false},"excerpt":{"rendered":"<p>Nous partons cette fois dans les Hautes-Alpes en r\u00e9gion Provence-Alpes-C\u00f4te d&rsquo;Azur \u00e0 30 Km de Gap \u00e0 Chabottes. Un stage de 2 jours en montagne \u00e0 la recherche de la magnifique chev\u00eachette d&rsquo;Europe. C&rsquo;est la plus petite des chouettes pour une taille d&rsquo;environ 16 Cm. Gr\u00e2ce \u00e0 l&rsquo;exp\u00e9rience d&rsquo;un garde forestier et de David et [&hellip;]<\/p>\n","protected":false},"author":1,"featured_media":0,"parent":0,"menu_order":0,"comment_status":"open","ping_status":"closed","template":"","meta":{"footnotes":""},"class_list":["post-7140","page","type-page","status-publish","hentry","has-post-title","has-post-date","has-post-category","has-post-tag","has-post-comment","has-post-author",""],"aioseo_notices":[],"builder_content":"<p>Nous partons cette fois dans les Hautes-Alpes en r\u00e9gion Provence-Alpes-C\u00f4te d'Azur \u00e0 30 Km de Gap \u00e0 Chabottes.<\/p> <p>Un stage de 2 jours en montagne \u00e0 la recherche de la magnifique chev\u00eachette d'Europe.<\/p> <p>C'est la plus petite des chouettes pour une taille d'environ 16 Cm.<\/p> <p>Gr\u00e2ce \u00e0 l'exp\u00e9rience d'un garde forestier et de David et St\u00e9phanie Allemand, nous avons pu la d\u00e9couvrir, la voir, l'approcher et ainsi la photographier au plus pr\u00eat.<\/p> <p>Moment inoubliable encore une fois, magique, dans ce d\u00e9cor d'automne sur fond de neige en cette p\u00e9riode de d\u00e9but Novembre.<\/p> <p>Vous pouvez d\u00e9couvrir leur travail sur leur site web :<\/p> <p><a href=\"http:\/\/david-allemand.com\" target=\"_blank\" rel=\"noopener\">http:\/\/david-allemand.com<\/a><\/p> <p style=\"text-align: justify;\">Pour s'y rendre :<\/p> <p>Eglise de la Basse-Plaine \u00e0 Chabottes<\/p> <p style=\"text-align: justify;\">Coordonn\u00e9es GPS :<\/p> <p style=\"text-align: justify;\">Latitude = 44\u00b038'30.64\"N<br>Longitude = 6\u00b09'37.40\"E<\/p> <hr> <h2 style=\"text-align: center;\"><img loading=\"lazy\" decoding=\"async\" src=\"http:\/\/smorel-photo.com\/blog\/wp-content\/uploads\/2019\/04\/GaleriePhoto-300x187.gif\" alt=\"\" width=\"300\" height=\"187\"><a href=\"http:\/\/smorel-photo.com\/blog\/galeries-photos\/\">Voir la galerie photos de la chev\u00eachette<\/a>\u21b5<\/h2> <p style=\"text-align: justify;\">&nbsp;<\/p>","_links":{"self":[{"href":"http:\/\/smorel-photo.com\/blog\/wp-json\/wp\/v2\/pages\/7140","targetHints":{"allow":["GET"]}}],"collection":[{"href":"http:\/\/smorel-photo.com\/blog\/wp-json\/wp\/v2\/pages"}],"about":[{"href":"http:\/\/smorel-photo.com\/blog\/wp-json\/wp\/v2\/types\/page"}],"author":[{"embeddable":true,"href":"http:\/\/smorel-photo.com\/blog\/wp-json\/wp\/v2\/users\/1"}],"replies":[{"embeddable":true,"href":"http:\/\/smorel-photo.com\/blog\/wp-json\/wp\/v2\/comments?post=7140"}],"version-history":[{"count":8,"href":"http:\/\/smorel-photo.com\/blog\/wp-json\/wp\/v2\/pages\/7140\/revisions"}],"predecessor-version":[{"id":7413,"href":"http:\/\/smorel-photo.com\/blog\/wp-json\/wp\/v2\/pages\/7140\/revisions\/7413"}],"wp:attachment":[{"href":"http:\/\/smorel-photo.com\/blog\/wp-json\/wp\/v2\/media?parent=7140"}],"curies":[{"name":"wp","href":"https:\/\/api.w.org\/{rel}","templated":true}]}}

La chevêchette d&rsquo;Europe

<p><img loading="lazy" decoding="async" class="aligncenter wp-image-7094 size-medium" src="http://smorel-photo.com/blog/wp-content/uploads/2019/11/IMG_8628-200x300.jpg" alt="" width="200" height="300" srcset="http://smorel-photo.com/blog/wp-content/uploads/2019/11/IMG_8628-200x300.jpg 200w, http://smorel-photo.com/blog/wp-content/uploads/2019/11/IMG_8628-683x1024.jpg 683w, http://smorel-photo.com/blog/wp-content/uploads/2019/11/IMG_8628-768x1152.jpg 768w, http://smorel-photo.com/blog/wp-content/uploads/2019/11/IMG_8628-1024x1536.jpg 1024w, http://smorel-photo.com/blog/wp-content/uploads/2019/11/IMG_8628-1365x2048.jpg 1365w, http://smorel-photo.com/blog/wp-content/uploads/2019/11/IMG_8628-scaled.jpg 1707w" sizes="auto, (max-width: 200px) 100vw, 200px" /><script>// <![CDATA[ (function(i,s,o,g,r,a,m){i['GoogleAnalyticsObject']=r;i[r]=i[r]||function(){ (i[r].q=i[r].q||[]).push(arguments)},i[r].l=1*new Date();a=s.createElement(o), m=s.getElementsByTagName(o)[0];a.async=1;a.src=g;m.parentNode.insertBefore(a,m) })(window,document,'script','//www.google-analytics.com/analytics.js','ga'); ga('create', 'UA-59664093-1', 'auto'); ga('send', 'pageview'); // ]]></script></p>

<!--themify_builder_content-->
<div id="themify_builder_content-7140" data-postid="7140" class="themify_builder_content themify_builder_content-7140 themify_builder tf_clear">
                    <div  data-lazy="1" class="module_row themify_builder_row tb_a0x1899 tb_first tf_w">
                        <div class="row_inner col_align_top tb_col_count_1 tf_box tf_rel">
                        <div  data-lazy="1" class="module_column tb-column col-full tb_l01q995 first">
                    <!-- module text -->
<div  class="module module-text tb_wajm982  repeat " data-lazy="1">
        <div  class="tb_text_wrap">
        <p>Nous partons cette fois dans les Hautes-Alpes en région Provence-Alpes-Côte d&rsquo;Azur à 30 Km de Gap à Chabottes.</p>
<p>Un stage de 2 jours en montagne à la recherche de la magnifique chevêchette d&rsquo;Europe.</p>
<p>C&rsquo;est la plus petite des chouettes pour une taille d&rsquo;environ 16 Cm.</p>
<p>Grâce à l&rsquo;expérience d&rsquo;un garde forestier et de David et Stéphanie Allemand, nous avons pu la découvrir, la voir, l&rsquo;approcher et ainsi la photographier au plus prêt.</p>
<p>Moment inoubliable encore une fois, magique, dans ce décor d&rsquo;automne sur fond de neige en cette période de début Novembre.</p>
<p>Vous pouvez découvrir leur travail sur leur site web :</p>
<p><a href="http://david-allemand.com" target="_blank" rel="noopener">http://david-allemand.com</a></p>
<p style="text-align: justify;"><span style="text-decoration: underline;">Pour s&rsquo;y rendre</span> :</p>
<p>Eglise de la Basse-Plaine à Chabottes</p>
<p style="text-align: justify;"><span style="text-decoration: underline;">Coordonnées GPS</span> :</p>
<p style="text-align: justify;">Latitude = 44°38&rsquo;30.64&Prime;N<br>Longitude = 6°9&rsquo;37.40&Prime;E</p>
<hr>
<h2 style="text-align: center;"><img loading="lazy" decoding="async" class="aligncenter size-medium wp-image-7009" src="http://smorel-photo.com/blog/wp-content/uploads/2019/04/GaleriePhoto-300x187.gif" alt="" width="300" height="187"><a href="http://smorel-photo.com/blog/galeries-photos/">Voir la galerie photos de la chevêchette</a>↵</h2>
<p style="text-align: justify;">&nbsp;</p>    </div>
</div>
<!-- /module text -->        </div>
                        </div>
        </div>
        </div>
<!--/themify_builder_content-->

<p>Nous partons cette fois dans les Hautes-Alpes en région Provence-Alpes-Côte d&rsquo;Azur à 30 Km de Gap à Chabottes. Un stage de 2 jours en montagne à la recherche de la magnifique chevêchette d&rsquo;Europe. C&rsquo;est la plus petite des chouettes pour une taille d&rsquo;environ 16 Cm. Grâce à l&rsquo;expérience d&rsquo;un garde forestier et de David et [&hellip;]</p>

<p>Nous partons cette fois dans les Hautes-Alpes en région Provence-Alpes-Côte d'Azur à 30 Km de Gap à Chabottes.</p> <p>Un stage de 2 jours en montagne à la recherche de la magnifique chevêchette d'Europe.</p> <p>C'est la plus petite des chouettes pour une taille d'environ 16 Cm.</p> <p>Grâce à l'expérience d'un garde forestier et de David et Stéphanie Allemand, nous avons pu la découvrir, la voir, l'approcher et ainsi la photographier au plus prêt.</p> <p>Moment inoubliable encore une fois, magique, dans ce décor d'automne sur fond de neige en cette période de début Novembre.</p> <p>Vous pouvez découvrir leur travail sur leur site web :</p> <p><a href="http://david-allemand.com" target="_blank" rel="noopener">http://david-allemand.com</a></p> <p style="text-align: justify;">Pour s'y rendre :</p> <p>Eglise de la Basse-Plaine à Chabottes</p> <p style="text-align: justify;">Coordonnées GPS :</p> <p style="text-align: justify;">Latitude = 44°38'30.64"N<br>Longitude = 6°9'37.40"E</p> <hr> <h2 style="text-align: center;"><img loading="lazy" decoding="async" src="http://smorel-photo.com/blog/wp-content/uploads/2019/04/GaleriePhoto-300x187.gif" alt="" width="300" height="187"><a href="http://smorel-photo.com/blog/galeries-photos/">Voir la galerie photos de la chevêchette</a>↵</h2> <p style="text-align: justify;">&nbsp;</p>
